{"id":149,"date":"2022-11-09T21:04:07","date_gmt":"2022-11-09T21:04:07","guid":{"rendered":"https:\/\/qirattery.oppned.com\/?page_id=149"},"modified":"2022-11-09T22:19:17","modified_gmt":"2022-11-09T22:19:17","slug":"pels-ore-og-oyetyper","status":"publish","type":"page","link":"https:\/\/qirattery.oppned.com\/index.php\/genetikk-og-avl\/pels-ore-og-oyetyper\/","title":{"rendered":"Pels, \u00f8re og kroppstyper"},"content":{"rendered":"<p>Jeg vil dekke tema&#8217;ene ved \u00e5 linke til en del ulike lands klubber p\u00e5 temaene, det er ogs\u00e5 her jeg har hentet basis informasjonen. Jeg dekker ogs\u00e5 informajonen om ulike typer uavhengig av om varianten finnes i Norge eller ikke, gj\u00f8r obs p\u00e5 at enkelte typer kan medf\u00f8re \u00f8kte helseutfordringer av ulike \u00e5rsaker og dette er noe man b\u00f8r sette seg inn i f\u00f8r man velger hva man skal anskaffe seg.<br \/>\n<a href=\"https:\/\/tamrotter.com\/\">NTF<\/a> (Norge) &#8211; <a href=\"https:\/\/svenskarattsallskapet.se\/\">SRS<\/a> (Sverige) &#8211; <a href=\"https:\/\/www.tamrotte.dk\/\">DTF<\/a> (Danmark) &#8211;<a href=\"https:\/\/www.nfrs.org\/index.html\">NFRS<\/a> (UK) &#8211; <a href=\"https:\/\/www.afrma.org\/\">AFRMA<\/a> (USA)<\/p>\n<p>Standard (top) og Dumbo (bottom) er de to \u00f8retypene.<br \/>\nDumbo (du\/du): NTF &#8211; <a href=\"https:\/\/www.tamrotte.dk\/oerer\/\">DTF<\/a> &#8211; <a href=\"https:\/\/www.nfrs.org\/varieties_rexdumbo.html\">NFRS<\/a> &#8211;\u00a0<a href=\"https:\/\/www.afrma.org\/ratvar.htm#dumbo\">AFRMA<\/a><br \/>\nStandard (Du\/Du &#8211; Du\/du): <a href=\"https:\/\/tamrotter.com\/?page_id=415\">NTF<\/a>&#8211; <a href=\"https:\/\/www.tamrotte.dk\/oerer\/\">DTF<\/a> &#8211; AFRMA<\/p>\n<p>Det finnes flere typer kroppstyper blant rotter.<br \/>\nDverg: <a href=\"https:\/\/www.nfrs.org\/varieties_provisional_standard.html\">NFRS<\/a><br \/>\nManx\/halel\u00f8s: <a href=\"https:\/\/www.afrma.org\/ratvar.htm#tailless\">AFRMA<\/a><br \/>\nStandard<\/p>\n<p>Av pelstyper finnes f\u00f8lgende typer<br \/>\nBristle: <a href=\"https:\/\/www.afrma.org\/c-c_bristlecoat.htm\">AFRMA<\/a><\/p>\n<p><span style=\"font-size: revert; background-color: var(--wp--preset--color--vivid-purple); color: var(--wp--preset--color--background); font-family: var(--wp--preset--font-family--system-font);\">Dobbeltrex: <\/span><a style=\"font-size: revert; background-color: var(--wp--preset--color--vivid-purple); font-family: var(--wp--preset--font-family--system-font);\" href=\"https:\/\/tamrotter.com\/?page_id=424\">NTF<\/a> &#8211; <a href=\"https:\/\/www.tamrotte.dk\/pelstyper\/\">DTF<\/a><\/p>\n<p>Fuzz (fz\/fz): <a href=\"https:\/\/www.tamrotte.dk\/pelstyper\/\">DTF<\/a><\/p>\n<p>Harley (l\/l): <a href=\"https:\/\/www.tamrotte.dk\/pelstyper\/\">DTF<\/a><br \/>\nH\u00e5rl\u00f8s (hr\/hr &#8211; n\/n &#8211; rnu\/rnu &#8211; shn\/shn): <a href=\"https:\/\/tamrotter.com\/?page_id=428\">NTF<\/a> &#8211; <a href=\"https:\/\/www.tamrotte.dk\/pelstyper\/\">DTF<\/a> &#8211; <a href=\"https:\/\/www.afrma.org\/ratvar.htm#hairless\">AFRMA<\/a><br \/>\nRex (Re\/re): <a href=\"https:\/\/tamrotter.com\/?page_id=422\">NTF <\/a>&#8211; <a href=\"https:\/\/www.tamrotte.dk\/pelstyper\/\">DTF<\/a> &#8211;\u00a0<a href=\"https:\/\/www.nfrs.org\/varieties_rexdumbo.html\">NFRS<\/a> &#8211; <a href=\"https:\/\/www.afrma.org\/ratvar.htm#rex\">AFRMA<\/a><br \/>\nSatin\/silky: <a href=\"https:\/\/www.tamrotte.dk\/pelstyper\/\">DTF<\/a>&#8211; <a href=\"https:\/\/www.nfrs.org\/varieties_provisional_standard.html\">NFRS<\/a> &#8211;<a href=\"https:\/\/www.afrma.org\/ratvar.htm#satin\">AFRMA<\/a><br \/>\nSilvermane (Sm): <a href=\"https:\/\/www.tamrotte.dk\/pelstyper\/\">DTF<\/a><br \/>\nStandard (re\/re): <a href=\"https:\/\/tamrotter.com\/?page_id=420\">NTF<\/a> &#8211; <a href=\"https:\/\/www.tamrotte.dk\/pelstyper\/\">DTF<\/a> &#8211; <a href=\"https:\/\/www.afrma.org\/ratvar.htm#standard\">AFRMA<\/a><\/p>\n<p>Teddy (Cu\/re): <a href=\"https:\/\/www.tamrotte.dk\/pelstyper\/\">DTF<\/a><br \/>\nVelveteen (Cu\/cu): <a href=\"https:\/\/www.tamrotte.dk\/pelstyper\/\">DTF<\/a><\/p>\n<p>Wavy (Wv\/wv): <a href=\"https:\/\/www.tamrotte.dk\/pelstyper\/\">DTF<\/a><\/p>\n","protected":false},"excerpt":{"rendered":"<p>Jeg vil dekke tema&#8217;ene ved \u00e5 linke til en del ulike lands klubber p\u00e5 temaene, det er ogs\u00e5 her jeg har hentet basis informasjonen. Jeg dekker ogs\u00e5 informajonen om ulike typer uavhengig av om varianten finnes i Norge eller ikke, gj\u00f8r obs p\u00e5 at enkelte typer kan medf\u00f8re \u00f8kte helseutfordringer av ulike \u00e5rsaker og dette [&hellip;]<\/p>\n","protected":false},"author":1,"featured_media":0,"parent":139,"menu_order":0,"comment_status":"closed","ping_status":"closed","template":"","meta":{"footnotes":""},"_links":{"self":[{"href":"https:\/\/qirattery.oppned.com\/index.php\/wp-json\/wp\/v2\/pages\/149"}],"collection":[{"href":"https:\/\/qirattery.oppned.com\/index.php\/wp-json\/wp\/v2\/pages"}],"about":[{"href":"https:\/\/qirattery.oppned.com\/index.php\/wp-json\/wp\/v2\/types\/page"}],"author":[{"embeddable":true,"href":"https:\/\/qirattery.oppned.com\/index.php\/wp-json\/wp\/v2\/users\/1"}],"replies":[{"embeddable":true,"href":"https:\/\/qirattery.oppned.com\/index.php\/wp-json\/wp\/v2\/comments?post=149"}],"version-history":[{"count":11,"href":"https:\/\/qirattery.oppned.com\/index.php\/wp-json\/wp\/v2\/pages\/149\/revisions"}],"predecessor-version":[{"id":377,"href":"https:\/\/qirattery.oppned.com\/index.php\/wp-json\/wp\/v2\/pages\/149\/revisions\/377"}],"up":[{"embeddable":true,"href":"https:\/\/qirattery.oppned.com\/index.php\/wp-json\/wp\/v2\/pages\/139"}],"wp:attachment":[{"href":"https:\/\/qirattery.oppned.com\/index.php\/wp-json\/wp\/v2\/media?parent=149"}],"curies":[{"name":"wp","href":"https:\/\/api.w.org\/{rel}","templated":true}]}}